Calculate the greatest common factor of 22304 and 1972.
68
Calculate the greatest common divisor of 211725 and 175.
25
What is the highest common divisor of 560 and 20455?
5
What is the highest common factor of 104682 and 12702?
438
Calculate the highest common factor of 69612 and 12.
12
What is the greatest common divisor of 7414 and 187?
11
What is the greatest common factor of 5226 and 312?
78
Calculate the greatest common factor of 45600 and 850.
50
What is the greatest common factor of 1435 and 544439?
287
Calculate the highest common divisor of 3236441 and 247.
247
What is the highest common divisor of 47688 and 42?
6
Calculate the greatest common divisor of 126 and 1521.
9
Calculate the highest common divisor of 78156 and 572.
52
Calculate the highest common divisor of 400 and 103750.
50
Calculate the greatest common divisor of 4408 and 6824.
8
What is the greatest common divisor of 494830 and 30?
10
What is the greatest common factor of 4506870 and 1020?
510
Calculate the highest common divisor of 5640 and 58935.
15
What is the greatest common divisor of 142372 and 4?
4
Calculate the highest common factor of 146377 and 308.
77
Calculate the highest common factor of 372 and 151962.
186
What is the highest common factor of 10602 and 12996?
342
What is the greatest common divisor of 1395 and 322865?
155
What is the highest common divisor of 181 and 272224?
181
Calculate the highest common factor of 77903 and 359.
359
What is the greatest common factor of 505395 and 594?
99
Calculate the greatest common factor of 851759 and 3831.
1277
What is the greatest common divisor of 43461 and 13609?
439
What is the highest common factor of 972 and 711?
9
Calculate the highest common divisor of 218050 and 25.
25
What is the greatest common factor of 96 and 103728?
48
Calculate the greatest common divisor of 4614046 and 542.
542
Calculate the greatest common divisor of 13987 and 788.
197
Calculate the greatest common divisor of 105 and 1240.
5
What is the highest common divisor of 632 and 22464?
8
Calculate the highest common divisor of 11878329 and 291.
291
Calculate the greatest common divisor of 5 and 10685.
5
What is the greatest common divisor of 12525 and 42900?
75
Calculate the highest common factor of 31 and 105617.
31
Calculate the highest common divisor of 76464 and 3240.
648
Calculate the greatest common factor of 363 and 1622731.
121
What is the highest common factor of 282 and 68826?
6
What is the greatest common divisor of 112684 and 4?
4
What is the greatest common factor of 632 and 3064568?
632
Calculate the greatest common divisor of 112333 and 52.
13
What is the highest common divisor of 944770 and 10?
10
What is the highest common divisor of 2575 and 1957?
103
Calculate the greatest common divisor of 176 and 85264.
16
What is the greatest common factor of 6375 and 335325?
1275
What is the highest common divisor of 136360 and 16558?
974
What is the greatest common factor of 4 and 4372?
4
Calculate the greatest common factor of 1425 and 243200.
475
Calculate the greatest common divisor of 798 and 5301646.
266
What is the greatest common divisor of 3035800 and 150?
50
What is the highest common factor of 741120 and 128?
128
What is the highest common divisor of 2608164 and 27?
9
Calculate the highest common divisor of 918716 and 3348.
124
Calculate the greatest common divisor of 403328 and 256.
128
Calculate the greatest common divisor of 24156 and 488.
244
What is the highest common factor of 2916 and 4?
4
Calculate the greatest common divisor of 262704 and 3120.
624
What is the highest common divisor of 40454 and 537?
179
What is the highest common divisor of 8417 and 3987?
443
Calculate the greatest common factor of 7400 and 8600.
200
Calculate the highest common factor of 1750 and 1246.
14
Calculate the greatest common divisor of 11740 and 22720.
20
Calculate the greatest common divisor of 30248 and 608.
152
Calculate the highest common factor of 6 and 1863.
3
What is the greatest common divisor of 4672 and 20513?
73
What is the highest common divisor of 8990 and 31310?
310
Calculate the greatest common factor of 805858 and 2506.
358
What is the greatest common divisor of 2835 and 56160?
135
What is the highest common divisor of 510 and 32640?
510
Calculate the greatest common factor of 8790 and 1695.
15
Calculate the greatest common divisor of 35 and 6167.
7
Calculate the highest common factor of 30375 and 250.
125
Calculate the greatest common divisor of 516557 and 92.
23
Calculate the greatest common divisor of 18 and 43662.
6
Calculate the highest common divisor of 19481 and 322.
161
Calculate the greatest common divisor of 430714 and 806.
62
Calculate the highest common factor of 3393 and 4582.
29
What is the highest common divisor of 529 and 2875?
23
Calculate the greatest common divisor of 392 and 378232.
8
What is the highest common factor of 189515 and 580?
145
Calculate the greatest common factor of 81 and 214839.
27
What is the highest common factor of 51 and 29291?
17
What is the highest common divisor of 3836 and 224?
28
Calculate the highest common divisor of 256 and 772864.
256
What is the highest common divisor of 272 and 344556?
68
What is the greatest common factor of 24635 and 19630?
65
Calculate the highest common divisor of 116 and 1348558.
58
Calculate the greatest common divisor of 990 and 72666.
198
What is the greatest common factor of 93 and 139717?
31
What is the greatest common divisor of 33500 and 1500?
500
Calculate the highest common factor of 4686 and 2130.
426
Calculate the highest common divisor of 34506 and 57186.
162
Calculate the greatest common factor of 8912 and 50.
2
What is the highest common factor of 414 and 463542?
138
Calculate the highest common factor of 816 and 101796.
204
Calculate the highest common divisor of 490 and 33370.
10
What is the highest common factor of 60147 and 19557?
369
What is the highest common factor of 99 and 59268?
33
Calculate the greatest common factor of 1110644 and 340.
68
What is the greatest common divisor of 38537 and 712?
89
What is the highest common divisor of 8872 and 40?
8
What is the highest common divisor of 1085 and 2387?
217
Calculate the highest common divisor of 2560472 and 72.
8
What is the greatest common factor of 54585 and 63?
9
Calculate the highest common divisor of 221 and 171821.
13
What is the highest common factor of 215 and 66865?
215
Calculate the highest common factor of 6670 and 23690.
230
What is the highest common factor of 10335 and 17355?
195
What is the greatest common divisor of 131167 and 232?
29
Calculate the highest common factor of 66 and 166044.
6
What is the greatest common divisor of 1608 and 456?
24
What is the greatest common factor of 364 and 20860?
28
Calculate the highest common factor of 7959 and 903.
21
What is the highest common divisor of 99980 and 40?
20
What is the greatest common factor of 3630 and 57585?
165
Calculate the greatest common factor of 3914 and 95.
19
Calculate the greatest common factor of 5702058 and 172.
86
Calculate the highest common factor of 190 and 288838.
38
Calculate the greatest common factor of 24 and 17496.
24
What is the greatest common factor of 2054 and 14062?
158
What is the highest common factor of 56 and 4575368?
56
Calculate the greatest common divisor of 147498 and 1830.
366
What is the highest common factor of 882 and 9303?
21
What is the highest common divisor of 2470 and 20710?
190
What is the greatest common divisor of 257742 and 6?
6
What is the greatest common factor of 485473 and 9509?
257
Calculate the highest common divisor of 55384 and 51198.
322
What is the highest common factor of 626322 and 6?
6
Calculate the greatest common factor of 3575 and 8775.
325
What is the highest common factor of 120 and 408?
24
Calculate the greatest common factor of 5154 and 4206.
6
What is the greatest common divisor of 220 and 310?
10
What is the highest common divisor of 2509 and 351?
13
Calculate the highest common divisor of 248 and 8676.
4
Calculate the highest common factor of 999 and 359973.
333
Calculate the greatest common divisor of 7155 and 2915.
265
Calculate the highest common factor of 669962 and 4113.
457
What is the highest common factor of 3272 and 10136?
8
Ca